. Let o = c - 18. Let r = o + -4. What is the units digit of r?
3
Let n be (-42)/10 - (-1)/5. Suppose 0 = 4*q - 8, 6*z - 4*q = z - 23. Let g = z - n. What is the units digit of g?
1
Let n = -7 + 28. What is the units digit of n?
1
Suppose 0 = 5*y + 4*w - 35, 2*w + 8 = -4*y + 6*w. Let d be -12*(-2 - (-5)/y). Suppose 26 = 3*s + p - 1, 0 = -4*s - d*p + 44. What is the units digit of s?
8
Suppose 2*q = 3*p + 361, -330 = 3*q - p - 882. What is the hundreds digit of q?
1
Suppose y = -m + 4*y + 9, 3*y = -4*m + 21. What is the units digit of m?
6
Let g(j) = 10*j**2 - 3*j - 1. What is the units digit of g(-2)?
5
Suppose 2*v - 16 = 2*t - t, 2*v - 16 = -2*t. Let x(o) = 15*o + 2*o**3 + 9*o**2 - 31*o - 5 + 10*o - 3*o**3. What is the tens digit of x(v)?
1
Suppose -8*i + 4*i = 0. Suppose q + 4*q - 85 = i. What is the units digit of q?
7
Let n = 11 + -7. Suppose 0 = 3*z - 2*w - 31, 0 = -5*z + n*w - 5 + 54. What is the units digit of z?
3
Let j(i) = i**2 + 6*i + 6. Let b(x) = -x**2 + 2*x - 4. Let d be b(3). What is the units digit of j(d)?
3
Suppose 2*s = -7 + 5. What is the units digit of s/(-4) + 95/4?
4
Let d = 2 + 0. Suppose 14 - 4 = d*m. Suppose -2*p + 26 = 4*n - 0*n, -n + 29 = m*p. What is the units digit of p?
5
Let d be (-3)/(-2)*(-12)/(-9). Let y(a) = -a**2 - 6*a - 3. Let t be y(-4). Suppose -d*j = -t*j + 30. What is the units digit of j?
0
Suppose -10 + 175 = 5*t. Suppose 4*v = 4*i + 204, -4*v + 126 = -3*i - 80. Let d = v - t. What is the units digit of d?
0
Let w(n) = 2*n**2 + 1. Let s be w(1). Suppose -k + 17 = -s. What is the tens digit of k?
2
Let f be (1 - 2) + -1*2. What is the units digit of (-7 - -4)/(1/f)?
9
Suppose 6 + 2 = 4*p - 5*z, -5*p + z + 31 = 0. What is the units digit of (p - 1) + -2 - 0?
4
Suppose 310 = 13*j - 3*j. What is the units digit of j?
1
Let g(o) = -5*o - 3. Let q be g(-3). Suppose 0 = c + 3*c - q. What is the units digit of c?
3
Let n = 24 + -12. Suppose -4*i + n = -2*i. What is the units digit of i?
6
Let a(z) = 3*z - 8. What is the tens digit of a(27)?
7
Suppose 0 = -3*f + r + 47, 3*r + 54 = 3*f + 9. What is the tens digit of ((-4)/f)/(1/(-164))?
4
Let d(y) = -y**3 + 10*y**2 - 8*y - 2. What is the units digit of d(7)?
9
Suppose -7 = 2*m - 0*m - 3*x, -4*m = -5*x + 9. What is the units digit of m?
4
Let c be (-4)/(-3)*12/8. Suppose 0 = 3*k + c*k. Suppose 2*a + 3*d = 6*a - 6, k = -2*d + 4. What is the units digit of a?
3
Let f(g) = -g**3 - 16*g**2 - 15*g - 4. What is the units digit of f(-16)?
6
Let x(q) = -2*q - 4. Let n be x(-5). Let b(y) = -y**2 + 9*y - 3. Let l be b(n). Let h = -9 + l. What is the units digit of h?
6
Let z(t) = -2*t**3 - 11*t**2 - 15*t - 3. What is the tens digit of z(-6)?
2
Let n(h) = 5 + h**3 + 2*h - h**3 - 2 + 4*h**3 + 3*h**2. Let q be n(-2). Let y = -12 - q. What is the units digit of y?
9
Suppose n = -1 + 2. Suppose 0 = x + n, p - 3*p + 26 = 4*x. What is the units digit of p?
5
Suppose -5*w = -5*n - 1115, -w + 235 = 4*n + 2. What is the tens digit of w?
2
Let t be 2*((-50)/4)/(-5). Suppose 1 = 3*i - t. Suppose 5*d = s + 13, -i*d = -5*d - 2*s. What is the units digit of d?
2
Suppose -5*h - 2*s + 201 = 0, 3*h - 3*s - 147 = -h. What is the tens digit of h?
3
Let z be 4 + 1*-2 + 3. Suppose 0 = z*l - l - 80. Suppose -3*v - l = -5*v. What is the units digit of v?
0
Let t(w) = -2*w - 9. What is the units digit of t(-10)?
1
Let l(j) = j**3 + 11*j**2 - 4*j - 5. Suppose -f = -2*f - 11. Let v be l(f). What is the units digit of (-2)/4 + v/6?
6
Suppose 0*r + 5 = r. What is the units digit of r?
5
Let v = 14 - 9. Suppose 24 = -k + v*k. What is the units digit of 7/1 - 12/k?
5
Suppose -18*r + 11*r = -840. What is the tens digit of r?
2
Let b = -13 - -33. Suppose -2*q + b = -q. What is the tens digit of q?
2
Suppose 2*o = 3*o - 2. Suppose -o*f + 31 = -1. What is the tens digit of f?
1
Let c = -23 + 31. What is the units digit of c?
8
Suppose 3*r + 4*v + 32 = 0, -r = r + 5*v + 33. What is the tens digit of 1*r/((-16)/124)?
3
Let m = -2 - -5. Let h = m + 0. Suppose 7*q - h*q - 24 = 0. What is the units digit of q?
6
What is the tens digit of (-1685)/(-17) - 48/408?
9
Let i be (8/(-20))/((-1)/(-10)). Let v = i - 0. What is the units digit of 24/3*(-2)/v?
4
Let d(t) = 2*t**2 - 2*t - 2. Let g be d(2). Suppose g*f = 3*f + 10. What is the units digit of (-12)/f*80/12?
8
Let w(x) = -2*x + 8. What is the tens digit of w(-5)?
1
Let s(a) = -4*a - 3. Let m(j) = -j**2 + 4*j + 3. Let l(t) = -3*m(t) - 4*s(t). Let w be l(-2). Let d = w - 6. What is the units digit of d?
1
Let u(o) = 102*o**2 - 2*o + 1. What is the tens digit of u(1)?
0
Let u(x) = -7*x + 7. Let w(i) = -3*i + 4. Let d(t) = -2*u(t) + 5*w(t). Let p be d(5). Let g = p + 13. What is the units digit of g?
4
Suppose 5*v - 11 = -s + 3*v, -3*s = -5*v + 22. Let k(y) = 2*y**2 - y + 1. Let x be k(s). What is the units digit of (-1 - -5)*x/8?
1
Let i = -76 + 118. What is the units digit of i?
2
Let n(y) = y - 4. Let h be n(6). Let r(u) = 0*u - u + 5*u - 3*u + h. What is the units digit of r(0)?
2
Let h(o) = 5*o**2 + 6*o + 13. Let g(m) = -6*m**2 - 6*m - 14. Let q(k) = 4*g(k) + 5*h(k). What is the units digit of q(-7)?
6
Let f(c) = -c**2 - 8*c - 6. Let v = -9 - -4. What is the units digit of f(v)?
9
Suppose 0 = -g + 2 + 14. Suppose -g + 2 = -j. What is the tens digit of j?
1
Let d = -21 - -13. Let k(s) = s**3 + 9*s**2 + 6*s + 4. What is the tens digit of k(d)?
2
Suppose -i = i + f - 7, 5*f = 5*i - 40. Let j(c) = -c + 1. Let n be j(i). Let b = -3 - n. What is the units digit of b?
1
Suppose -2*d + 10 = -5*g - 85, 0 = -4*g - 4. What is the tens digit of d?
4
Suppose 0 = 2*x - 5*n - 14, 5*x + 6*n - n = 0. Suppose -4*a - 40 = -x*f - 3*f, 2*a = -4*f + 58. What is the units digit of f?
2
Let m(s) = 20*s + 4. What is the tens digit of m(1)?
2
Suppose -4*g + g + 12 = 0, -14 = -3*j - 2*g. Suppose -z = 5*y - 4, 0 = -y + z - 2 - j. Suppose y = q - 0 - 7. What is the units digit of q?
7
Suppose -8*c + 3*c = -20. Suppose -3*n - 48 = -4*y + 84, 0 = 3*y + c*n - 74. What is the tens digit of y?
3
Let z be 96/(-4)*3/(-4). Suppose -4*g = 3*b - z - 32, -18 = -2*g + 2*b. What is the tens digit of g?
1
Let o(w) = -w**3 - w**2 + w - 1. Let c be o(-3). Let x = c - -4. What is the tens digit of x?
1
What is the units digit of 2/8 - 3*367/(-12)?
2
Let o(i) = 3*i**3 - 2*i**2 + 1 + 3*i**2 - 4*i + 3*i. What is the units digit of o(1)?
4
What is the units digit of 20/(-110) - 1324/(-22)?
0
Let m = 1 + -4. Let l(y) = 3*y**2 + y - 7. What is the units digit of l(m)?
7
Let g be 5*3/9*3. Let y = g + -2. What is the units digit of y/12 - (-19)/4?
5
Suppose 0 = -2*h + 3*o - 17, -5*h = -2*h + 4*o. Let t = h + 14. What is the units digit of t?
0
Let m be (-1*3)/(-3) - -5. Let u be 396/10 - m/(-15). What is the units digit of 2/(-6) + u/12?
3
Let k = 29 - 18. What is the units digit of k - ((-3)/(-3) - 1)?
1
Let j(c) = 6*c**2 - c + 4. Let f be j(-3). Let i = f + -31. What is the units digit of ((-2)/(-5))/(2/i)?
6
Let a = 8 + 1. Suppose -5*d - a = -4. Let b = 0 - d. What is the units digit of b?
1
What is the tens digit of 18 + (-1 - 0)*1?
1
Let k(u) = 42*u - 64. What is the units digit of k(8)?
2
Suppose 0*y = 5*y. Suppose f - 3*f + 28 = y. What is the units digit of f?
4
Suppose 2*c - 20 = -2*c. Suppose c*a - 1 = h + 28, 2*a + 6 = -4*h. Suppose -4*o + a = -3. What is the units digit of o?
2
Suppose 5*j = g + 1190, -4*g + 9*g = 3*j - 714. What is the hundreds digit of j?
2
Suppose -3*f + 10 = 1. Suppose -f*o - 2*o + 80 = 0. What is the tens digit of o?
1
Let y = 0 + 44. Suppose -3*j = -h - y, -10 = h - 5. What is the units digit of j?
3
Let c(t) = -3*t - 2 + 8*t - t. Let g be (0 + 1)/(2/6). What is the tens digit of c(g)?
1
Suppose -3*d = 5 - 2. Let v be (d + 2)/(2/94). Let w = -34 + v. What is the units digit of w?
3
Suppose 0*s = -s + 12. Suppose 5*h - 11 - 4 = 0. Suppose -h*c = -s - 9. What is the units digit of c?
7
Let o(d) = d**3 - 4*d**2 + 5*d + 8. What is the tens digit of o(5)?
5
Let b(r) = 7*r**2 - r + 2. What is the units digit of b(3)?
2
Suppose -2*o = -5*o + 249. Suppose -5*w + 11 = 2*j - o, -j + 3*w + 58 = 0. Suppose -j + 12 = -5*p. What is the units digit of p?
8
Let w(x) = x**2 - 9*x + 12. Let y be w(9). Suppose 0 = 3*a - 27 - y. What is the tens digit of a?
1
Let z(y) = 3 + y**2 + 5*y - y**3